lculate the highest common factor of 265 and s.
53
Suppose 2*u + 16 = -0*f + f, -5*u - 13 = -f. Suppose 0 = 3*m - 4*h - 18, 5*h - 4 + 16 = 2*m. Calculate the greatest common factor of f and m.
6
Let t(b) = -b**3 - b**2 - b + 3. Suppose h = -4, 4*h = 4*u - 3 - 13. Let k be t(u). Suppose 5*q - k*q = 48. Calculate the greatest common factor of q and 264.
24
Let f = -58 + 61. Let b = -2 - -3. Let m be b/(f + (-82)/28). What is the greatest common factor of m and 154?
14
Let j(s) = -15*s + 1. Let n be j(-1). Let l = n - 8. Let a be (3 + -1 - -21) + -3. What is the greatest common factor of a and l?
4
Suppose -45*k = -3135 - 1140. Calculate the highest common divisor of 4465 and k.
95
Suppose 13*h - 18*h + 108 = -4*u, h + 4*u = 12. What is the greatest common factor of h and 430?
10
Suppose -5*n + 2*i + 57 = 0, -128*n + 123*n - 4*i = -81. Calculate the greatest common divisor of 1027 and n.
13
Let t be ((-80)/(-100))/(6/90). What is the highest common divisor of t and 452?
4
Let o(a) = 5*a**2 + 4*a + 9. Let q be o(-5). Calculate the highest common factor of 551 and q.
19
Let a be 5/(-10) + 186/4. Suppose 4*d = 78 + 198. Calculate the greatest common factor of a and d.
23
Suppose 20*p = 16*p - 4*i + 336, -4*p + 5*i = -345. Calculate the highest common factor of 40 and p.
5
Suppose -a - c = -14, -5*c = 4*a - 3*c - 52. Calculate the highest common factor of a and 52.
4
Suppose 3*o - 5 + 14 = -g, -3*g - 4*o - 52 = 0. Let u be g/156 - 940/(-26). What is the highest common divisor of 54 and u?
18
Let k = 530 - 110. Suppose k = -7*l + 11*l. What is the greatest common factor of 42 and l?
21
Let j be (-20)/(-40) + 2109/6. What is the greatest common factor of j and 22?
22
Let o(t) = t**2 - 36*t + 341. Let s be o(23). Let m be 21*-1*4/(-6). What is the highest common factor of m and s?
14
Let n(j) = -j**3 - 9*j**2 - 10*j - 11. Let r be n(-8). Let p be 576/r + (-3)/15. What is the greatest common factor of 46 and p?
23
Let d(a) be the first derivative of 3*a**4/4 + a**3/3 - 4*a**2 - 5*a + 17. Let p be d(4). What is the greatest common factor of p and 19?
19
Let a be (12 + -14)*(-9 + 9/3). What is the highest common factor of 1212 and a?
12
Suppose 0 = 92*x - 86*x - 1944. Calculate the highest common divisor of 81 and x.
81
Let n(r) = -6*r - 3. Let f be n(-5). Let a = 291 - 177. Let b = a + -60. Calculate the highest common divisor of f and b.
27
Let g(f) = f**3 - 5*f + 20. Let d(a) = -3*a**3 - a**2 + 14*a - 59. Let v(k) = -6*d(k) - 17*g(k). Let b be v(-6). What is the highest common divisor of b and 12?
4
Let p = 248 - 182. What is the greatest common divisor of 54 and p?
6
Let z = -109 - -116. What is the highest common divisor of 112 and z?
7
Suppose 0 = -12*i + 14*i - 32. Suppose i + 26 = a. What is the greatest common divisor of a and 6?
6
Let d = -75 - -60. Let i be 588/(-63)*d/4. Calculate the greatest common factor of 14 and i.
7
Suppose -3*u + 5*a = -5100, 15*u - 6800 = 11*u + 2*a. What is the highest common factor of 10 and u?
10
Let f(i) = -i**2 - 2*i - 19. Let x be f(-6). Let b = x - -73. Calculate the greatest common factor of b and 150.
30
Suppose -4*a + x + 17 + 402 = 0, 5*x - 297 = -3*a. Calculate the highest common factor of 130 and a.
26
Let z be (-3)/(-4)*80/(-15)*-27. Let a = 414 - z. Calculate the greatest common divisor of a and 34.
34
Let b = -17 - -32. Suppose 159 = r + 3*x, 2*r = -5*x + 246 + 74. Calculate the highest common factor of b and r.
15
Let s be (-3 + -2 - (-5 - 2))/(3/18). Suppose b = -3*p + 8, 0 = p - 3*p - 4*b + 2. Let u = p - -21. Calculate the greatest common factor of s and u.
12
Let x be (30/6)/(2/2). Suppose -5*l - 2*r = -4*l + 1, -2*r + 3 = x*l. What is the highest common factor of 5 and l?
1
Suppose 4*n = 1373 - 121. Let t = n + -217. Calculate the greatest common divisor of 6 and t.
6
Suppose -5*c = -2*i - 3*i - 210, -i = -4. Let h = c - 32. Calculate the greatest common divisor of h and 49.
7
Let i(n) = 5*n**2 - 21*n + 30. Let t(a) = 11*a**2 - 43*a + 59. Let x(j) = -9*i(j) + 4*t(j). Let h be x(10). Calculate the greatest common divisor of 36 and h.
36
Suppose 30 = 5*k + 25. Calculate the highest common factor of 24 and k.
1
Suppose 3*f = 2*f + 1, -3*k + 131 = 5*f. Suppose -1188*w = -1193*w + 30. What is the highest common factor of k and w?
6
Let i(w) = 4*w - 80. Let b be i(47). What is the greatest common factor of b and 27?
27
Let c be (-8)/(1/4 + (-88)/96). Calculate the greatest common factor of c and 348.
12
Suppose -22 + 2 = -4*h. Let b = -310 + 312. Suppose -d + h*d + 3*v = 221, -114 = -b*d + 2*v. What is the highest common divisor of d and 84?
28
Let f(u) = -u**2 + 9*u - 7. Let p be f(8). Let y be -4*((-25)/4 - -4) + -1. Calculate the greatest common factor of p and y.
1
Let f(i) = i**3 - 15*i**2 - 15*i + 11. Suppose -4*b + 13*y = 12*y - 62, -8 = -4*y. Let z be f(b). Calculate the highest common factor of z and 324.
27
Let d = -291 + 381. Calculate the greatest common divisor of 12 and d.
6
Suppose -5*d - 630 = -690. Let o(r) = 84 - r + r + r. Let a be o(0). Calculate the greatest common factor of d and a.
12
Suppose -63 = -p + 61. Let h(g) = -g**3 + 9*g + 3. Let w be h(-4). Calculate the greatest common divisor of p and w.
31
Let s(p) = p**2 + 7*p + 14. Let n be s(-6). Suppose -n = -2*j, -c - j + 20 = -3*j. What is the highest common factor of 7 and c?
7
Let l(v) = 5*v**2 + 4*v. Let y be l(4). Suppose -28 = -2*c + 4*g, -4*g = 4*c - 7*g - 51. Calculate the highest common divisor of y and c.
12
Suppose -n + 2*p = -p + 4, 3*n + 3*p - 12 = 0. Suppose 2*t = 8*t - 36. What is the highest common divisor of n and t?
2
Let k(z) = -z**3 + 5*z**2 + 3*z + 5. Suppose -i - 6 = -m, 7*m = 3*m - 4*i + 24. Let c be k(m). Let b = c - -34. What is the greatest common factor of b and 189?
21
Let o = 509 - 383. What is the greatest common divisor of 189 and o?
63
Let s be 22/3*9 + 4. Suppose 0*v - s = -10*v. Calculate the greatest common divisor of v and 28.
7
Let q be 65 - (2 + -3 + -6). Calculate the greatest common factor of 9 and q.
9
Suppose 445 = 5*h - x, -3*x + 7 = 22. Suppose 4*i - h = -0. Suppose p + 4*r = -0*p + i, 158 = 5*p - 4*r. What is the highest common divisor of 20 and p?
10
Let m(t) = t**3 - 8*t**2 + 24*t - 82. Let q be m(8). Calculate the highest common factor of q and 88.
22
Suppose 8*q = 306 + 934. What is the greatest common factor of q and 93?
31
Let s be ((336/(-20))/(-2))/(15/50). Calculate the highest common factor of 28 and s.
28
Suppose 0 = 2*k + 3*u - 174, k - 5*u - 59 - 41 = 0. What is the greatest common factor of 1170 and k?
90
Suppose 4*q = 0, q + 3*q = t - 5. What is the greatest common factor of 265 and t?
5
Let l = -29 - 53. Let j = l - -154. Suppose -a = -5*a + 3*y + 39, -4*y = -5*a + 49. What is the highest common divisor of a and j?
9
Let m = 1016 + -993. Let z(y) = -y**3 + 10*y**2 - y - 5. Let a be z(8). What is the greatest common factor of m and a?
23
Suppose 5*y + 20 = -5*s, -5*s - 3*y = -2*y + 16. Let u be s/((-12)/8) - -133*1. Calculate the highest common divisor of u and 15.
15
Let n be -2*1/4*-14. Let a = -1302 + 1303. Calculate the highest common divisor of n and a.
1
Suppose 3*k + 13 - 19 = 0. Let v be 10/(-3)*(7 + -10). Calculate the greatest common divisor of k and v.
2
Let u be 8/6 - ((-566)/(-6) - -2). Let z be (-4)/((-370)/u + -4). Calculate the highest common factor of z and 76.
38
Let o be ((-5)/2 + 2)*-26. Let v = -66 + 73. Suppose v*g - 1430 = -3*g. Calculate the greatest common divisor of g and o.
13
Let i = -320 - -416. Let o = -9 - -13. Suppose o*t + 6*r = 2*r + 36, 5*r + 51 = 3*t. What is the highest common factor of i and t?
12
Let k = -754 - -779. What is the greatest common factor of k and 350?
25
Suppose -k = 2*o - 27, 9*o - 4*o - 125 = -5*k. What is the highest common factor of k and 69?
23
Let o be (-2)/(-2 + 1) + 70. Suppose 6*q = -996 + 138. Let n = -134 - q. What is the highest common factor of n and o?
9
Suppose -g + 5 = 0, 5*g + 208 + 91 = 3*t. Suppose -3*p - 12 + 48 = 0. What is the greatest common divisor of t and p?
12
Let c(g) = -8*g - 25. Let x be c(-7). Let p = -3 - -6. Suppose -p*v = -129 + 36. Calculate the greatest common divisor of v and x.
31
Suppose -7*q + 4*q = -b - 12229, 3*q + 4*b = 12239. What is the greatest common factor of q and 27